et a(t) = -5*t**2 + 4. Let j(r) = -6*r**2 - r + 4. Let q(v) = -7*a(v) + 6*j(v). Give q(c).
4
Let g(y) = y**3 + y**2 - 4*y + 1. Suppose 1 = -h - 3*o - 2, -4*h + 3*o - 12 = 0. Determine g(h).
-5
Let f(z) be the first derivative of -2*z**3/3 - z + 3. Calculate f(-1).
-3
Let f(o) = o**3 + 4*o**2 - 2*o + 2. Let l(a) = -a + 6. Let s be l(10). Calculate f(s).
10
Suppose -u - 1 = -3*l, -5*u - 3*l + 9 = -4*l. Let y(g) = -4*g + 26*g**2 - 25*g**u + g. Calculate y(3).
0
Suppose -x + 4 = -3. Let s be (-26)/x + (-6)/21. Let g(d) = 4*d + 1 + 3*d**2 - d**2 + 2*d. Determine g(s).
9
Let f(x) = -x**2 + 4*x + 4. Let g be f(4). Let z(w) = 4*w**2 - 2*w - 4. Let u(p) = -5*p**2 + 2*p + 5. Let k(j) = 3*u(j) + 4*z(j). Give k(g).
7
Let n = 4 - 1. Suppose 0 = 4*m - 4*p + 8, -n*m - 8 = -4*p. Let d(s) = -s + 10. What is d(m)?
10
Let d(r) = -r**2 - 10*r - 17. Let m be d(-7). Let t(g) = -2*g + 3. What is t(m)?
-5
Suppose -19 = -n - 2*n + 2*g, 3*n - g = 14. Let x(d) = 4*d**3 + 6*d**2 + 3*d + 3. Let m(r) = -3*r**3 - 5*r**2 - 3*r - 3. Let z(w) = 5*m(w) + 4*x(w). Give z(n).
6
Let a(c) = 2*c + 0*c + 0*c + 0*c. Give a(-6).
-12
Suppose 36 = -4*l + 4*v, 5*v - 8 = -4*l - 62. Suppose -47 = 3*y - 2*k, -4*k = y - k + 12. Let q = y - l. Let i(h) = -h**3 - 5*h**2 - 4*h + 3. Calculate i(q).
3
Let v(c) = c**3 - 2*c**2 + 2*c - 2. Suppose i - 3*n - 13 = 2, -2*n - 8 = 0. Give v(i).
13
Suppose 1 = 2*r + 5. Let o(z) = 0*z + z**2 - 4*z + 2*z - 1 + z**3. What is o(r)?
-1
Let u(m) = -2*m. Let h(d) = d**2 - d + 2. Let b be h(-2). Determine u(b).
-16
Let w be -1 + 1 + (6 - -1) + -5. Let g(p) be the first derivative of -2 + p**w + p + 1/3*p**3. Calculate g(-1).
0
Let r(h) be the third derivative of h**6/60 + h**5/30 - h**4/12 - h**3/3 - 14*h**2. Calculate r(-2).
-6
Let s(j) be the first derivative of -7*j**2/2 - j + 6. Give s(1).
-8
Let p(u) = -u**2 - 5*u + 6. Suppose 12 = 2*h + 4, 4*h = 4*z + 16. Suppose 0 = -z*c + 4*c. Let k(v) = -v**3 - v**2 + v - 6. Let x be k(c). Determine p(x).
0
Let w(h) = -7*h**2 - 4*h - 5. Let u(l) = 8*l**2 + 5*l + 6. Let k(b) = -4*u(b) - 5*w(b). Calculate k(-1).
4
Let o be 3*(-2 + 13/3). Suppose 1 = 2*b + f, 5*b + 4*f = 6*f + o. Let q(t) = -9*t**3 + 2*t**2 - 2*t + 1. Determine q(b).
-8
Let h = -17 + 17. Let t(d) = d**2 + 2. Calculate t(h).
2
Let r(l) = -3*l + 18. Let c(f) = -f + 4. Let g(i) = -9*c(i) + 2*r(i). Determine g(5).
15
Let w = 32 + -36. Let p(s) = -s**3 - 4*s**2 - 4. Give p(w).
-4
Suppose -4*n + 17 = -j - 1, -j + 17 = 3*n. Let f(v) = 6 + 2*v + 4*v - n*v - 2. Give f(-4).
0
Let x(m) be the second derivative of m**2 + 1/12*m**4 + 0 - m + 1/2*m**3. Let y(a) be the first derivative of x(a). Calculate y(-5).
-7
Let h(i) = -4 - 2*i**2 + 2 + 3*i**2 + 1 - 2*i. Determine h(-1).
2
Let w(u) = -u - 3. Suppose 3*g = 7 + 11. Let l = g + -4. Let n(b) = -b**3 + 3*b - 3. Let t be n(l). Calculate w(t).
2
Let w(v) = v**3 + v**2 - 3*v - 2. Let k(l) be the second derivative of l**2 - 5/6*l**3 + 0 + 1/12*l**4 - 3*l. Let n be k(4). Give w(n).
0
Let v(w) be the third derivative of w**5/60 + 5*w**4/24 - w**3/6 + 37*w**2. Determine v(-5).
-1
Let c(i) = i**2 - 5*i - 2. Let f be 1 + (2 - 5) + 2. Suppose f = 4*b - b - 18. Let z = b + -2. Determine c(z).
-6
Let s(o) = o**2 + o - 4. Let v be s(2). Let y(h) = -7 + 0 + 1 - v*h. Determine y(-4).
2
Let x(l) = l - 2. Let s be x(-3). Let g(t) = 2*t + 4. Determine g(s).
-6
Let c(r) = r**3 - r**2 + r - 3. Suppose 3*z - z - 10 = 0. Let l = z - 5. Determine c(l).
-3
Let q(b) = b**2 + 3 - 94*b - 96*b + 196*b. What is q(-4)?
-5
Let q(o) = -o. Let p(l) = 3*l - 1. Let h(x) = -p(x) - q(x). Give h(-6).
13
Let y(m) = 5*m**3 + m**2 + m - 13. Let i(n) = -9*n**3 - 3*n**2 - n + 25. Let f(t) = 6*i(t) + 11*y(t). What is f(6)?
1
Let f(w) = -4*w + 26. Let l be f(6). Let z(m) = -m**3 + 2*m**2 - 2*m + 3. What is z(l)?
-1
Let q = -3 - -4. Suppose -5*s = -4*b + q, -3*b - 6 = s - 2. Let p(j) = -j + 10*j + 0*j + 1 - 2*j. Give p(b).
-6
Let d(o) = o**3 + 2*o**2 - 2*o + 6. Let a(l) = 3*l**3 + 7*l**2 - 7*l + 19. Let w be 18/(4/2) + -2. Let r(f) = w*d(f) - 2*a(f). Calculate r(0).
4
Suppose a - 20 = -4*a. Let v(y) = y + 2. What is v(a)?
6
Let i = 6 + -3. Suppose 4*r = 0, -i*a - r + 13 = 4. Let b(o) = -o**3 + 4*o**2 + o - 1. Determine b(a).
11
Suppose 9 = -3*j - 9. Let r(y) be the first derivative of -y**3/3 - 7*y**2/2 - 6*y - 1. Determine r(j).
0
Let t(x) = -x**3 - 3*x**2 + 3. Let d be t(-3). Suppose -5*m + y - 17 = 0, -3*y - d = -2*m - 15. Let f(o) = -1 + 3*o + o - 3*o. What is f(m)?
-4
Let m(s) be the first derivative of -s**2/2 - s - 2. Let c(u) = 0*u - u - u**2 - u**3 + 2*u. Let h be c(-2). Calculate m(h).
-3
Let v(b) = b**2 - 2*b + 1. Suppose -5*z = 3*s, 0 = -3*s - 4*z + z + 6. Suppose 11 = s*w + 1. Calculate v(w).
1
Let m be 8 - 0 - (1 - -1). Let g(t) = -39 - t + 47 + 2*t. Determine g(m).
14
Suppose 0*f - 2*f = -6. Let y(q) be the third derivative of 0*q + 0*q**f + q**2 + 1/24*q**4 + 0. Give y(4).
4
Suppose 4*y = -y + 4*n + 10, 3*y - 5*n - 19 = 0. Let u be (-1 - y)/(1/5). Let a(z) = z**2 - 6*z + 6. Calculate a(u).
1
Suppose 5*w - 4*k = -10, 7*w = 4*w - 4*k + 26. Let x(q) = -6 + q + 21 - 2*q. Let j(n) = -3. Let h(m) = -15*j(m) - 3*x(m). Determine h(w).
6
Suppose 4*i - 10 = -5*p, 0 = i - 0*i + 4*p - 8. Let q(w) be the first derivative of -w**4 + w + 3 + i*w**3 - 1/2*w**2. Determine q(1).
-4
Let u(d) = -d**3 + 4*d**2 + 6*d - 2. Suppose 3*t - 22 = -2*t - 3*c, -c = -3*t + 16. Calculate u(t).
3
Let s(o) = o**3 - 3*o**2 + o + 3. Suppose -31 = -2*c - 11. Suppose -9*f = -4*f - c. Suppose -f = a - 5. What is s(a)?
6
Suppose -7 = 2*d + 3*g, -4*g - 3 = -g. Let b(c) = 0*c + 8*c + 3 - 5*c + c**2. Let w be b(d). Let a(z) = 7*z**2 - 2*z + 1. What is a(w)?
6
Let j = 2 + -3. Let y(w) = w**2 + 5*w - 11. Let z(d) = -2*d + 5. Let f(c) = 4*y(c) + 9*z(c). Calculate f(j).
3
Suppose -o + d - 3*d - 8 = 0, -o + 2*d = 0. Let t = 1 + o. Let h(a) = -2*a**2 - 2*a + 2. What is h(t)?
-10
Let b(u) be the third derivative of -11*u**4/24 + u**3/2 + 4*u**2. Let o(d) = -d. Let q(j) = b(j) - 4*o(j). Give q(2).
-11
Let i(x) = 5*x + 4. Suppose -52 + 18 = -2*n. Suppose -3*z - 2 = -n. Let h(l) = -5*l - 3. Let f(m) = z*h(m) + 4*i(m). Determine f(-1).
6
Let x(z) be the third derivative of -z**4/8 + z**3/6 + 3*z**2. Suppose -2*a + 5*a = 3. Determine x(a).
-2
Let w(p) = -5*p - 2. Let n(u) = -5*u - 2. Let l(i) = 4*n(i) - 5*w(i). Determine l(-3).
-13
Let k = -9/2 - -14/3. Let f(v) be the third derivative of 2*v**2 + 0*v + 1/24*v**4 + 0 + k*v**3. Give f(-4).
-3
Let w(i) be the second derivative of -i**4/24 - i**3/6 - i**2 + i. Let p(y) be the first derivative of w(y). Calculate p(-4).
3
Let c be (-2)/(-10) - 336/(-70). Let b(u) = -u**3 + u**2 - 1. Let v(a) = -5*a**3 + 2*a**2 - 5*a - 10. Let i(n) = 6*b(n) - v(n). Calculate i(c).
4
Let u(x) be the second derivative of 1/6*x**3 + 3*x**2 + 6*x + 0. Determine u(6).
12
Suppose -2*p - 3*p - 30 = 0. Let j(r) = r**3 + 5*r**2 - 5*r + 3. Calculate j(p).
-3
Let h be (-2)/(-5) - (-54)/(-10). Let y(c) = -c**2 - 6*c - 6. Give y(h).
-1
Let g(v) = -5 + 6*v**2 + 1 + 0*v**3 + 3*v + v**3. What is g(-5)?
6
Let t(y) = -6*y + 2. Let h(x) = 5*x - 2. Let w(v) = -7*h(v) - 6*t(v). What is w(-4)?
-2
Let l(d) = -7*d**3 + 9*d**2 - 8*d - 8. Let c(q) = -8*q**3 + 10*q**2 - 9*q - 9. Let s(x) = 6*c(x) - 7*l(x). Determine s(3).
8
Let g(n) = n - 1. Let c(j) = 2*j - 2. Let f(w) = -c(w) - g(w). Give f(4).
-9
Let k(z) be the third derivative of 0*z + 0 - 1/24*z**4 + 5/6*z**3 + z**2. What is k(4)?
1
Let c(l) be the first derivative of -l**4/4 - 5*l**3/3 + 7*l**2/2 + 3*l + 2. Suppose 0 = -2*n - n - 81. Let r be (4/6)/(3/n). Give c(r).
-3
Let f(r) = 9*r. Let c(t) = -10*t. Let i(k) = 3*c(k) + 4*f(k). What is i(-1)?
-6
Let a(p) = -1 + 2*p - p - 4*p + 4*p. Suppose -2*q - q = r - 5, 3*q = 2*r - 1. What is a(q)?
0
Let u = 31 + -27. Let y(n) be the first derivative of 2 - 1/4*n**u + 2*n - 4/3*n**3 - 1/2*n**2. Calculate y(-2).
-4
Let x = 1 + -2. Let a = x - 0. Let m be 0 + a + (-4)/(-1). Let q(n) = -n**2 + 2*n + 2. Determine q(m).
-1
Let m = 6 - 1. Suppose m*a + 4*r - 11 = 0, 2*a + 22 = 6*r - r. Let y(b) = 7*b**3 + b**2. Give y(a).
-6
Let u(v) be the third derivative of -v**5/60 - v**4/24 + v**3/6 - 49*v**2. Give u(1).
-1
Let r(o) = -o**3 + o**2 - o. Let v(m) = -2*m**3 + 7*m**2 - m + 5. Let g(b) = 3*r(b) - v(b). Let z b